ist the prime factors of 506969934.
2, 3, 84494989
What are the prime factors of 2817422?
2, 71, 19841
List the prime factors of 16087856.
2, 23, 43717
List the prime factors of 33902322.
2, 3, 23, 47, 5227
What are the prime factors of 14073156?
2, 3, 130307
List the prime factors of 13739714.
2, 6869857
What are the prime factors of 4223444875?
5, 13, 2599043
List the prime factors of 178656101.
13, 13742777
List the prime factors of 66635982.
2, 3, 7, 43, 251
What are the prime factors of 124780025?
5, 4991201
What are the prime factors of 125772781?
337, 373213
List the prime factors of 356399350.
2, 5, 7127987
What are the prime factors of 24448159?
17, 223, 6449
List the prime factors of 1861667601.
3, 61, 10173047
What are the prime factors of 1998776876?
2, 499694219
What are the prime factors of 4290353934?
2, 3, 31, 1823, 12653
What are the prime factors of 1317131?
1317131
What are the prime factors of 1796873323?
7, 173, 1483793
What are the prime factors of 2708985?
3, 5, 59, 3061
List the prime factors of 104329599.
3, 11, 53, 59651
What are the prime factors of 939419792?
2, 3863, 15199
What are the prime factors of 206675500?
2, 5, 281, 1471
What are the prime factors of 3909476380?
2, 5, 3461, 56479
List the prime factors of 128425539.
3, 11, 3891683
List the prime factors of 145898027.
11, 13263457
List the prime factors of 196829604.
2, 3, 17, 321617
What are the prime factors of 1265077645?
5, 13, 71, 274123
What are the prime factors of 459072625?
5, 11, 333871
List the prime factors of 12289338.
2, 3, 461, 1481
What are the prime factors of 219217302?
2, 3, 577, 21107
List the prime factors of 1066601306.
2, 41, 587, 22159
List the prime factors of 1044722709.
3, 17, 29, 241, 977
What are the prime factors of 349544850?
2, 3, 5, 43, 54193
List the prime factors of 4056042361.
7, 11471, 50513
What are the prime factors of 246843911?
29, 8511859
What are the prime factors of 1473655260?
2, 3, 5, 7, 11, 307, 1039
List the prime factors of 1302418056.
2, 3, 23, 37, 43, 1483
What are the prime factors of 455701037?
11, 41427367
What are the prime factors of 16916923?
16916923
What are the prime factors of 1993348818?
2, 3, 36913867
List the prime factors of 1470005547.
3, 19, 2887, 8933
List the prime factors of 424076908.
2, 389, 449, 607
What are the prime factors of 2674448945?
5, 7, 71, 1076237
List the prime factors of 47691673.
23, 1433, 1447
What are the prime factors of 1231022719?
691, 1781509
What are the prime factors of 1206111094?
2, 101, 5970847
What are the prime factors of 2020054672?
2, 23, 5489279
What are the prime factors of 126927273?
3, 11, 3846281
What are the prime factors of 77134388?
2, 19283597
List the prime factors of 18855136.
2, 293, 2011
What are the prime factors of 3547745403?
3, 1182581801
List the prime factors of 1358348971.
7, 439, 442027
List the prime factors of 139575615.
3, 5, 19, 23, 107, 199
What are the prime factors of 1391519256?
2, 3, 6329, 9161
List the prime factors of 116951144.
2, 103, 141931
List the prime factors of 612442525.
5, 911, 26891
List the prime factors of 59984054.
2, 13, 43, 53653
What are the prime factors of 30438839?
83, 366733
List the prime factors of 122792166.
2, 3, 7, 324847
What are the prime factors of 6768066?
2, 3, 19, 59369
What are the prime factors of 403134647?
19, 37, 109, 5261
What are the prime factors of 1671572396?
2, 13, 17, 73, 25903
List the prime factors of 85287015.
3, 5, 11, 172297
What are the prime factors of 348578415?
3, 5, 31, 79, 3163
List the prime factors of 910323685.
5, 59, 3085843
What are the prime factors of 705199769?
211, 3342179
What are the prime factors of 59319583?
251, 236333
List the prime factors of 83451761.
37, 107, 197
What are the prime factors of 37671272?
2, 109, 43201
List the prime factors of 223656229.
3769, 59341
What are the prime factors of 864058426?
2, 7, 11, 43, 130483
List the prime factors of 266440013.
7, 3169, 12011
What are the prime factors of 149976844?
2, 149, 251639
What are the prime factors of 318190724?
2, 79547681
What are the prime factors of 895451941?
131, 593, 11527
What are the prime factors of 288328336?
2, 67, 101, 2663
List the prime factors of 107228034.
2, 3, 71, 83903
What are the prime factors of 1572218?
2, 786109
List the prime factors of 511990056.
2, 3, 97, 73309
List the prime factors of 16282826.
2, 7, 281, 4139
What are the prime factors of 41337121?
7, 1621, 3643
List the prime factors of 698500468.
2, 174625117
What are the prime factors of 544866939?
3, 20180257
List the prime factors of 194036108.
2, 7, 41, 173, 977
What are the prime factors of 262726659?
3, 13, 249503
What are the prime factors of 646214200?
2, 5, 17, 190063
What are the prime factors of 672092325?
3, 5, 1327, 2251
What are the prime factors of 704999166?
2, 3, 117499861
List the prime factors of 292717743.
3, 19, 2029, 2531
What are the prime factors of 82957167?
3, 89, 103567
List the prime factors of 4074455448.
2, 3, 7, 467, 2473
List the prime factors of 143925984.
2, 3, 83, 223
List the prime factors of 548479861.
1579, 347359
What are the prime factors of 356442092?
2, 31, 131, 21943
List the prime factors of 2483161125.
3, 5, 607, 10909
What are the prime factors of 192498718?
2, 17, 5661727
What are the prime factors of 24295270?
2, 5, 2429527
List the prime factors of 254565881.
131, 1943251
What are the prime factors of 2205262633?
7, 315037519
List the prime factors of 63108056.
2, 11, 149, 4813
List the prime factors of 1035598034.
2, 517799017
What are the prime factors of 12703262?
2, 11, 13, 44417
List the prime factors of 1077620651.
1077620651
List the prime factors of 32456462.
2, 16228231
List the prime factors of 2350711343.
23, 37, 41, 89, 757
What are the prime factors of 19091848?
2, 2386481
What are the prime factors of 1542588186?
2, 3, 2179, 117989
List the prime factors of 2087401284.
2, 3, 769, 75401
What are the prime factors of 1748860228?
2, 437215057
What are the prime factors of 801976060?
2, 5, 1051, 38153
List the prime factors of 1605678383.
67, 263, 293, 311
List the prime factors of 32946236.
2, 397, 20747
List the prime factors of 207815112.
2, 3, 461, 2087
What are the prime factors of 2490098570?
2, 5, 443, 541, 1039
What are the prime factors of 1569501731?
7, 224214533
What are the prime factors of 101197564?
2, 13, 53, 73, 503
List the prime factors of 374542382.
2, 137, 1366943
List the prime factors of 85569078.
2, 3, 7, 317, 6427
List the prime factors of 6404784030.
2, 3, 5, 401, 177467
What are the prime factors of 103221590?
2, 5, 10322159
List the prime factors of 3261294046.
2, 601, 2713223
What are the prime factors of 309056700?
2, 3, 5, 1009, 1021
List the prime factors of 4818816.
2, 3, 47, 89
List the prime factors of 5000326.
2, 2500163
What are the prime factors of 47330536?
2, 11, 537847
What are the prime factors of 483096432?
2, 3, 7, 13, 19, 5821
List the prime factors of 27781913.
29, 43, 22279
What are the prime factors of 356579198?
2, 178289599
What are the prime factors of 347308727?
29, 79, 151597
List the prime factors of 89427777.
3, 31, 31019
What are the prime factors of 30361828?
2, 7, 199, 5449
What are the prime factors of 63632295?
3, 5, 367, 3853
List the prime factors of 1270959788.
2, 7, 45391421
List the prime factors of 7012582708.
2, 9743, 179939
List the prime factors of 97092089.
7699, 12611
List the prime factors of 70342490.
2, 5, 7034249
What are the prime factors of 555388554?
2, 3, 7, 71, 186247
List the prime factors of 159582395.
5, 7, 23, 137, 1447
What are the prime factors of 3007809?
3, 7, 47743
List the prime factors of 496712127.
3, 165570709
List the prime factors of 5386456784.
2, 336653549
List the prime factors of 41870915.
5, 17, 263, 1873
List the prime factors of 846831686.
2, 197, 503, 4273
What are the prime factors of 6681734?
2, 461, 7247
List the prime factors of 67607921.
131, 516091
What are the prime factors of 56282118?
2, 3, 9380353
What are the prime factors of 5989981260?
2, 3, 5, 457, 218453
List the prime factors of 36037756.
2, 17, 19, 27893
List the prime factors of 195557444.
2, 491, 99571
List the prime factors of 941420322.
2, 3, 17, 19, 161923
List the prime factors 